040 - z. Is d prime?
True
Let k be (-175)/50*(-36)/21. Is (-3 + k)/1 - -9486 prime?
False
Suppose -5*t - y + 6 = -7, 5*y + 4 = -2*t. Let s be 11 + -2 + 3/t. Suppose 8*q - s = 1062. Is q prime?
False
Let t(w) = -2*w + 28. Let a be t(0). Let h = a - 31. Is (-24)/16*514/h a composite number?
False
Let y = 700 - 707. Is (y - (-153485)/20)/(3/4) a prime number?
True
Suppose 0 = 2*t + 3*c + c + 12, 2*t + 3*c + 15 = 0. Let g = -186 + 194. Is (t/4 - -710) + (7 - g) composite?
True
Let q = -9275 + 2625. Let v = q - -12999. Is v a prime number?
False
Suppose t = 5*s + 2743, -2437 - 3049 = -2*t + 2*s. Let p(r) = -r**2 + 28*r + 429. Let u be p(39). Suppose u = -12*n - n + t. Is n composite?
False
Is 1/((-3394394)/15274854 - (12 - 1100/90)) composite?
True
Let j(c) = -1701*c - 2374. Is j(-31) prime?
False
Let h(q) = 2*q**2 - 8*q - 1. Let d be h(8). Let a(o) = 9*o**2 - 13*o - 10. Let i be a(-4). Let b = i + d. Is b prime?
False
Let h(r) = -r**3 + 35*r**2 + 36*r + 7. Let u be h(36). Suppose -9*i + u*i + 3628 = 0. Is i a composite number?
True
Suppose -4*v + 13540 + 46102 = -5*k, 5*v + 4*k = 74491. Is v composite?
True
Is (-24 + -285575)*(-2)/3*(-48)/(-32) a prime number?
True
Suppose -3*l - 5*r - 4220 = -13940, 4*l - 12989 = 3*r. Let h = 5578 - l. Is h a composite number?
False
Let b be ((-3*1)/(3/(-3)))/(162 + -161). Suppose 4*g - 2*y = 2*y + 11440, -4*g - 4*y = -11464. Suppose -b*v + g = 4*v. Is v composite?
False
Suppose -3*w - 3*v + 222490 = -341, v - 371393 = -5*w. Is w a prime number?
True
Is (34970 - -18) + 0 + -7 + 6 composite?
True
Suppose 1023*f = 2065*f - 1025*f - 4858379. Is f a prime number?
False
Let p be 6 + 21/(1 + -8). Suppose 80065 = 8*t - p*t. Is t composite?
True
Let v(k) = 26578*k + 523. Is v(3) prime?
False
Suppose n = -2*z + 137, -4 = 5*n + 3*z - 675. Is n a prime number?
False
Let f(b) = 4*b + 8. Let q be f(-1). Suppose -u + q*t + 2 = 0, -15*t + 11*t - 4 = -2*u. Is (824 - 6) + 6/u a prime number?
True
Is 3 - 52/16 - ((-132068196)/(-16))/(-13) prime?
True
Let l be 0/(4 + -7) + 1218/1. Suppose -2*m - 4*m + l = 0. Let b = m + 494. Is b prime?
False
Let r be ((-42)/9)/(3/9351). Let j = r - -20685. Is j a composite number?
True
Let i(y) = 2*y + 17. Let s be i(-7). Suppose -3713 = -3*g - a - 0*a, -12 = s*a. Suppose 15*n - g = 8*n. Is n a prime number?
False
Suppose 9*j = -j + 2*j. Let r be (j + 2)/((15/(-1956))/(-5)). Suppose -7*x + 565 + r = 0. Is x composite?
True
Suppose 4*i + 4 = 0, 0 = 5*c - 5*i + 5167 + 2408. Let y = 1731 - c. Is y composite?
True
Suppose -3*c - 1768 = 4409. Let a = 235 - c. Suppose 0 = -4*g - 5*t + a + 1757, -1006 = -g + t. Is g prime?
True
Let t be ((-128)/(-48))/((-2)/24). Let j = t + 124. Suppose -88*b - 1796 = -j*b. Is b a prime number?
True
Is (18/3)/(192/921248) a prime number?
True
Let y = 5674 + -2728. Suppose p + 5*n + y = 2*p, -n + 11889 = 4*p. Is p a prime number?
True
Let x = 37 + -25. Is 6119 - x/(3 - 9) prime?
True
Let j(l) = -7*l - 82. Let z be j(-9). Let i(q) = -101*q + 30. Is i(z) a prime number?
True
Suppose 5*k = 8*k + x, 5*k + x = 0. Suppose 2608 = 4*i + 4*v, -5*i + v - 2*v + 3240 = k. Is i composite?
False
Let o = 170 + -172. Is (0 - (-1)/o)/(6/(-71076)) composite?
False
Let d(i) = -i + 7. Let r be d(5). Is -451*((-14)/r - -6) a prime number?
False
Let r(a) = -2*a**2 - 17*a + 191. Let w be r(7). Is 56407/w*(-16 + 2) prime?
False
Let j(t) = 21*t**3 - 10*t**2 - 12*t - 7. Let o be j(-8). Let i = 20080 + o. Is i prime?
False
Let r = 3050 - 2081. Suppose -3*l - 1116 = r. Let c = l - -1378. Is c a prime number?
True
Suppose 35788662 + 19180945 = 77*j. Is j prime?
True
Suppose -52*p + 67*p - 22980 = 0. Let q(s) = 15*s - 16. Let v be q(7). Let j = p + v. Is j a composite number?
False
Let s(c) = -13779*c**3 - 5*c**2 + 9. Is s(-2) a prime number?
True
Suppose -5*n + 231647 = -4*q, 52*q - 57*q - 138996 = -3*n. Is n composite?
False
Let g(k) = 16*k**2 + 5 + 10 + 3 + 16*k - k**3. Let q be g(17). Is ((-2477)/q)/(5/(-5)) prime?
True
Let j(z) = 5*z + 3. Let t(g) = 24*g + 47. Let n(d) = -14*j(d) + t(d). Let c be (6/4)/((-1)/6). Is n(c) prime?
True
Let k(b) = 1501*b - 873. Is k(16) a composite number?
False
Is (203402 - 0)/(13*(-28)/(-182)) composite?
False
Let j(c) = 12*c**2 + 76*c - 37*c - 30*c - 28*c - 28. Let o be j(-20). Suppose 0 = -5*f - 15, -2*r - 2*f = -0*r - o. Is r prime?
True
Suppose 10 = -17*n + 19*n, -n = -g + 129101. Is g a composite number?
True
Let v = 96231 + -2728. Is v a prime number?
True
Let m = -2034 - -2046. Let x be ((-8)/(-6))/((-1)/(-6)). Suppose -m*r = -x*r - 2868. Is r composite?
True
Let o(l) = 2*l**2 + 29*l + 18. Let s be o(-14). Let k = -1 + s. Let f(y) = 20*y**2 + 4*y + 2. Is f(k) a composite number?
True
Suppose -22 = -5*n - 2*y + 43, -2*n - 2*y = -20. Suppose o + 365 = 2*b, n - 5 = 5*b. Let g = o + 972. Is g composite?
True
Suppose 2*m + 3*d + 7 = -0*m, -5*m + 4*d + 17 = 0. Let z be 9 + m + (2 - 7). Suppose w + 4*y - 1393 = 0, 4*w = z*y + 5356 + 237. Is w composite?
True
Let w(z) = -726*z**2 - 9*z - 2. Let u be w(4). Let n = u - -24825. Is n prime?
True
Suppose 941*f = 904*f + 682761. Is f prime?
False
Is 1/(-3)*9925722/(-102) composite?
True
Let i = 1120132 - 799091. Is i a composite number?
True
Suppose 4*n = 5*p + 260007, 8*n - 65006 = 7*n - 3*p. Is n prime?
True
Suppose 0 = -4*i + 7*i - 12. Suppose 3*a + 9 = 0, 2*s + a + i*a = -7. Is 174/s*9/(27/22) prime?
False
Let n = -17368 + 24891. Is n a composite number?
False
Let s(a) = 59*a + 30. Let c be s(9). Suppose 4*k - f = -c, 4*k - f - f = -566. Let q = k + 340. Is q a prime number?
False
Suppose -795*x - 778*x - 35065247 = -1604*x. Is x composite?
True
Let p(z) be the third derivative of 0*z - 36*z**2 - 1/120*z**6 + 1/60*z**5 + 0 + 1055/6*z**3 - 1/6*z**4. Is p(0) a prime number?
False
Suppose -8*y = g - 7*y - 675599, 6*g - 4*y - 4053534 = 0. Is g composite?
False
Let r = 571 - 569. Suppose 45846 = 2*l + r*u, -7*u = 2*l - 4*u - 45848. Is l a prime number?
True
Let x(y) = -y**3 - 4*y**2 - 9*y - 8. Let c(q) be the third derivative of q**4/12 + 7*q**3/2 - 18*q**2. Let k be c(-13). Is x(k) a prime number?
False
Let i = -450 + 453. Suppose -5*l + 28968 = 2*k, i*k = -l + 21957 + 21482. Is k a composite number?
False
Let a be -2 + 17/(-2)*-422. Let m = -220 + a. Is m composite?
True
Suppose -13*m + 5*m = -29320. Let v(w) = -55*w**2 - w - 10. Let i be v(-5). Let l = i + m. Is l composite?
True
Let s be -12*(10/4 - 2). Let a(v) = 2*v + 26. Let t be a(s). Suppose 2905 = t*x - 9*x. Is x prime?
False
Let i(u) = 98*u**2 + 6*u - 3. Let l be (2/(-1) - -1)/(3/(-18)). Is i(l) prime?
False
Let t(w) be the second derivative of w**4/3 - 4*w**3 + 127*w**2/2 + 29*w + 1. Is t(11) composite?
False
Suppose -3*i = -306181 - 144324 - 68402. Is i composite?
False
Suppose 1274651 = -31*i + 3860870 + 4348388. Is i a prime number?
True
Let n = 250 - 246. Suppose n*a = -3*x + 3806, 2*x - x + 2861 = 3*a. Is a prime?
True
Let k(w) = -3*w**3 - 3*w**2 + 17*w - 27. Let p = -407 + 397. Is k(p) a composite number?
False
Suppose 2*w - 5*g - 1855 = 0, 4*w - 5*g - 3983 = -268. Let a(k) = -5*k**2 + 3*k - 11. Let c be a(10). Let t = w + c. Is t a prime number?
True
Suppose -12*w - 44242 = -w. Let u = -1983 - w. Is u prime?
True
Let g(i) = 19 - 7*i**3 + 2*i**3 + 0*i**2 - 4*i**2 - 3*i**2 + i**3 + 2*i. Is g(-5) a composite number?
True
Let o be (90/2 - -4) + -1. Suppose -45*m = -o*m + 303. Suppose m = p + 4*q, -2*q + 7*q + 267 = 2*p. Is p prime?
False
Suppose 0*d + 5*d = 45. Suppose d*s - 45410 = 4*s. Suppose 2*p - 15 = -p, s = 3*z + 5*p. Is z composite?
False
Suppose 2*s + 4*d = 5*s + 8, 2*s + 3*d - 23 = 0. Suppose -s*k = 20 + 28. Is k/(-2 - 1) - -42 a composite number?
True
Let o(u) = -u**3 - 2*u**2 - 615. Let j be o(0). Let f = 1534 + j. Is f a prime number?
True
Suppose -2*w = -2*k + 6, -k - 11*w + 6 = -13*w. Suppose -4*y = -5*d - 42 - 199, k = -y + 5*d + 64. Is y prime?
True
Let p(l) = 419*l + 4. Let f(c) be the third derivative of -209*c**4/24 - c**3/3 + 16*c**2. Let n(z) = 11*f(z) + 6*p(z). Is n(3) a composite number?
False
Let s be 42017/5 - 30/(-50). Is ((-14)/8)/((-11)/s) composite?
True
Let q(o) = -2*o + 12. Let s be q(3). Suppose 3*b = f - 18, -f + 29 = -4*b + 7. Is f*(-3)/s + (137 - 0) composite?
True
Let b = -50 - -49. Let p be (-1)/(-3)*(-12)/b. Is 354*